{"id":2520,"date":"2025-03-16T21:52:57","date_gmt":"2025-03-16T20:52:57","guid":{"rendered":"https:\/\/www.speed-skater-zug.ch\/?page_id=2520"},"modified":"2026-04-19T17:45:37","modified_gmt":"2026-04-19T15:45:37","slug":"wieder-mal-auf-die-skates","status":"publish","type":"page","link":"https:\/\/www.speed-skater-zug.ch\/index.php\/wieder-mal-auf-die-skates\/","title":{"rendered":"Wieder Mal auf die Skates?"},"content":{"rendered":"\t\t<div data-elementor-type=\"wp-page\" data-elementor-id=\"2520\" class=\"elementor elementor-2520\">\n\t\t\t\t\t\t<section data-particle_enable=\"false\" data-particle-mobile-disabled=\"false\" class=\"elementor-section elementor-top-section elementor-element elementor-element-a64d0b1 elementor-section-content-top eael_liquid_glass_shadow-effect2 elementor-section-boxed elementor-section-height-default elementor-section-height-default eael_liquid_glass-effect1\" data-id=\"a64d0b1\" data-element_type=\"section\" data-e-type=\"section\">\n\t\t\t\t\t\t\t<div class=\"elementor-background-overlay\"><\/div>\n\t\t\t\t\t\t\t<div class=\"elementor-container elementor-column-gap-default\">\n\t\t\t\t\t<div class=\"elementor-column elementor-col-50 elementor-top-column elementor-element elementor-element-55fc095\" data-id=\"55fc095\" data-element_type=\"column\" data-e-type=\"column\">\n\t\t\t<div class=\"elementor-widget-wrap elementor-element-populated\">\n\t\t\t\t\t\t<div class=\"elementor-element elementor-element-6759e1d elementor-widget__width-initial elementor-widget elementor-widget-text-editor\" data-id=\"6759e1d\" data-element_type=\"widget\" data-e-type=\"widget\" data-widget_type=\"text-editor.default\">\n\t\t\t\t<div class=\"elementor-widget-container\">\n\t\t\t\t\t\t\t\t\t<h2 style=\"text-align: center;\">Training f\u00fcr engagierte Skaterinnen und Skater\u00a0<\/h2><h3>\u00a0<\/h3><h3>Du warst regelm\u00e4ssig auf den Skates? Bist momentan aber ein wenig &#8222;eingerostet&#8220;.<\/h3><h3>Du suchst eine gelenkschonende Alternative zum Joggen oder m\u00f6chtest dich skatetechnisch weiterentwickeln.<\/h3><ul><li style=\"text-align: left;\">Technische Uebungen um die Sicherheit und den Fahrkonfort auf den Skates zu\u00a0 \u00a0 \u00a0 verbessern.<\/li><li style=\"text-align: left;\">Ausfahrten in der Gruppe (Umgebung Zug\/ Baar\/ Steinhausen\/ Cham)<\/li><li style=\"text-align: left;\">Du stehst sicher auf den Skates (fahren, bremsen ohne Hilfe)<\/li><li style=\"text-align: left;\">Intaktes Material<\/li><li style=\"text-align: left;\">Schutzausr\u00fcstung (Helm und Handsch\u00fctze obligatorisch!)<\/li><li style=\"text-align: left;\"><strong>Um dich \u00fcber die witterungsbedingte Durchf\u00fchrung zu informieren, f\u00fclle bitte das unten stehende Kontaktformular aus.<\/strong><\/li><li style=\"text-align: left;\">Versicherung ist Sache der Teilnehmerin\/ des Teilnehmers der Verein lehnt jede Haftung ab<\/li><\/ul><div style=\"text-align: left;\"><h2 style=\"text-align: center;\">Ab Donnerstag 7. Mai 2026<\/h2><h2 style=\"text-align: center;\">bei trockener Witterung<\/h2><h2 style=\"text-align: center;\">Treffpunkt 19:00h Stierenstallungen Zug<\/h2><\/div><div style=\"text-align: center;\">\u00a0<\/div>\t\t\t\t\t\t\t\t<\/div>\n\t\t\t\t<\/div>\n\t\t\t\t<div class=\"elementor-element elementor-element-bf5c6f8 elementor-widget__width-initial elementor-widget elementor-widget-wpforms\" data-id=\"bf5c6f8\" data-element_type=\"widget\" data-e-type=\"widget\" data-widget_type=\"wpforms.default\">\n\t\t\t\t<div class=\"elementor-widget-container\">\n\t\t\t\t\t<div class=\"wpforms-container wpforms-container-full wpforms-render-modern\" id=\"wpforms-2531\"><form id=\"wpforms-form-2531\" class=\"wpforms-validate wpforms-form wpforms-ajax-form\" data-formid=\"2531\" method=\"post\" enctype=\"multipart\/form-data\" action=\"\/index.php\/wp-json\/wp\/v2\/pages\/2520\" data-token=\"d0f51b6053879993cf525f3ef23c15dd\" data-token-time=\"1777899619\"><noscript class=\"wpforms-error-noscript\">Bitte aktiviere JavaScript in deinem Browser, um dieses Formular fertigzustellen.<\/noscript><div id=\"wpforms-error-noscript\" style=\"display: none;\">Bitte aktiviere JavaScript in deinem Browser, um dieses Formular fertigzustellen.<\/div><div class=\"wpforms-field-container\"><div id=\"wpforms-2531-field_1-container\" class=\"wpforms-field wpforms-field-name\" data-field-id=\"1\"><fieldset><legend class=\"wpforms-field-label\">Name <span class=\"wpforms-required-label\" aria-hidden=\"true\">*<\/span><\/legend><div class=\"wpforms-field-row wpforms-field-medium\"><div class=\"wpforms-field-row-block wpforms-first wpforms-one-half\"><input type=\"text\" id=\"wpforms-2531-field_1\" class=\"wpforms-field-name-first wpforms-field-required\" name=\"wpforms[fields][1][first]\" aria-errormessage=\"wpforms-2531-field_1-error\" required><label for=\"wpforms-2531-field_1\" class=\"wpforms-field-sublabel after\">Vorname<\/label><\/div><div class=\"wpforms-field-row-block wpforms-one-half\"><input type=\"text\" id=\"wpforms-2531-field_1-last\" class=\"wpforms-field-name-last wpforms-field-required\" name=\"wpforms[fields][1][last]\" aria-errormessage=\"wpforms-2531-field_1-last-error\" required><label for=\"wpforms-2531-field_1-last\" class=\"wpforms-field-sublabel after\">Nachname<\/label><\/div><\/div><\/fieldset><\/div><div id=\"wpforms-2531-field_2-container\" class=\"wpforms-field wpforms-field-email\" data-field-id=\"2\"><label class=\"wpforms-field-label\" for=\"wpforms-2531-field_2\">E-Mail-Adresse <span class=\"wpforms-required-label\" aria-hidden=\"true\">*<\/span><\/label><input type=\"email\" id=\"wpforms-2531-field_2\" class=\"wpforms-field-medium wpforms-field-required\" name=\"wpforms[fields][2]\" spellcheck=\"false\" aria-errormessage=\"wpforms-2531-field_2-error\" required><\/div>\t\t<div id=\"wpforms-2531-field_5-container\"\n\t\t\tclass=\"wpforms-field wpforms-field-text\"\n\t\t\tdata-field-type=\"text\"\n\t\t\tdata-field-id=\"5\"\n\t\t\t>\n\t\t\t<label class=\"wpforms-field-label\" for=\"wpforms-2531-field_5\" >Spezielles E-Mail-Adresse Telefonnummer<\/label>\n\t\t\t<input type=\"text\" id=\"wpforms-2531-field_5\" class=\"wpforms-field-medium\" name=\"wpforms[fields][5]\" >\n\t\t<\/div>\n\t\t<div id=\"wpforms-2531-field_4-container\" class=\"wpforms-field wpforms-field-number\" data-field-id=\"4\"><label class=\"wpforms-field-label\" for=\"wpforms-2531-field_4\">Telefonnummer<\/label><input type=\"number\" id=\"wpforms-2531-field_4\" class=\"wpforms-field-medium\" name=\"wpforms[fields][4]\" step=\"any\" aria-errormessage=\"wpforms-2531-field_4-error\" ><\/div><div id=\"wpforms-2531-field_3-container\" class=\"wpforms-field wpforms-field-textarea\" data-field-id=\"3\"><label class=\"wpforms-field-label\" for=\"wpforms-2531-field_3\">Spezielles<\/label><textarea id=\"wpforms-2531-field_3\" class=\"wpforms-field-medium\" name=\"wpforms[fields][3]\" aria-errormessage=\"wpforms-2531-field_3-error\" ><\/textarea><\/div><script>\n\t\t\t\t( function() {\n\t\t\t\t\tconst style = document.createElement( 'style' );\n\t\t\t\t\tstyle.appendChild( document.createTextNode( '#wpforms-2531-field_5-container { position: absolute !important; overflow: hidden !important; display: inline !important; height: 1px !important; width: 1px !important; z-index: -1000 !important; padding: 0 !important; } #wpforms-2531-field_5-container input { visibility: hidden; } #wpforms-conversational-form-page #wpforms-2531-field_5-container label { counter-increment: none; }' ) );\n\t\t\t\t\tdocument.head.appendChild( style );\n\t\t\t\t\tdocument.currentScript?.remove();\n\t\t\t\t} )();\n\t\t\t<\/script><\/div><!-- .wpforms-field-container --><div class=\"wpforms-submit-container\" ><input type=\"hidden\" name=\"wpforms[id]\" value=\"2531\"><input type=\"hidden\" name=\"page_title\" value=\"\"><input type=\"hidden\" name=\"page_url\" value=\"https:\/\/www.speed-skater-zug.ch\/index.php\/wp-json\/wp\/v2\/pages\/2520\"><input type=\"hidden\" name=\"url_referer\" value=\"\"><button type=\"submit\" name=\"wpforms[submit]\" id=\"wpforms-submit-2531\" class=\"wpforms-submit\" data-alt-text=\"Wird gesendet\u00a0\u2026\" data-submit-text=\"Absenden\" aria-live=\"assertive\" value=\"wpforms-submit\">Absenden<\/button><img decoding=\"async\" src=\"https:\/\/www.speed-skater-zug.ch\/wp-content\/plugins\/wpforms-lite\/assets\/images\/submit-spin.svg\" class=\"wpforms-submit-spinner\" style=\"display: none;\" width=\"26\" height=\"26\" alt=\"Wird geladen\"><\/div><\/form><\/div>  <!-- .wpforms-container -->\t\t\t\t<\/div>\n\t\t\t\t<\/div>\n\t\t\t\t\t<\/div>\n\t\t<\/div>\n\t\t\t\t<div class=\"elementor-column elementor-col-50 elementor-top-column elementor-element elementor-element-a511ab0\" data-id=\"a511ab0\" data-element_type=\"column\" data-e-type=\"column\">\n\t\t\t<div class=\"elementor-widget-wrap elementor-element-populated\">\n\t\t\t\t\t\t<div class=\"elementor-element elementor-element-1f6b1c7 elementor-widget__width-initial elementor-widget elementor-widget-wpzoom-elementor-addons-image-box\" data-id=\"1f6b1c7\" data-element_type=\"widget\" data-e-type=\"widget\" data-widget_type=\"wpzoom-elementor-addons-image-box.default\">\n\t\t\t\t<div class=\"elementor-widget-container\">\n\t\t\t\t\t\t\t<div class=\"wpzoom-elementor-addons-image-box\">\n\t\t\t<h3>\n\t\t\t\t<span class=\"wpzoom-elementor-addons-image-box-link not-linked has-image\" style=\"background-image:url('https:\/\/www.speed-skater-zug.ch\/wp-content\/uploads\/2023\/01\/Start_Strassensaison.jpg');\"><span><\/span><\/span>\t\t\t<\/h3>\n\t\t<\/div><!-- \/\/.wpzoom-elementor-addons-image-box -->\n\t\t\t\t\t\t<\/div>\n\t\t\t\t<\/div>\n\t\t\t\t<div class=\"elementor-element elementor-element-ef74e1e elementor-widget elementor-widget-spacer\" data-id=\"ef74e1e\" data-element_type=\"widget\" data-e-type=\"widget\" data-widget_type=\"spacer.default\">\n\t\t\t\t<div class=\"elementor-widget-container\">\n\t\t\t\t\t\t\t<div class=\"elementor-spacer\">\n\t\t\t<div class=\"elementor-spacer-inner\"><\/div>\n\t\t<\/div>\n\t\t\t\t\t\t<\/div>\n\t\t\t\t<\/div>\n\t\t\t\t<div class=\"elementor-element elementor-element-635cc0a elementor-widget__width-initial elementor-widget elementor-widget-wpzoom-elementor-addons-image-box\" data-id=\"635cc0a\" data-element_type=\"widget\" data-e-type=\"widget\" data-widget_type=\"wpzoom-elementor-addons-image-box.default\">\n\t\t\t\t<div class=\"elementor-widget-container\">\n\t\t\t\t\t\t\t<div class=\"wpzoom-elementor-addons-image-box\">\n\t\t\t<h3>\n\t\t\t\t<span class=\"wpzoom-elementor-addons-image-box-link not-linked has-image\" style=\"background-image:url('https:\/\/www.speed-skater-zug.ch\/wp-content\/uploads\/2025\/04\/Fitnessskate.jpg');\"><span><\/span><\/span>\t\t\t<\/h3>\n\t\t<\/div><!-- \/\/.wpzoom-elementor-addons-image-box -->\n\t\t\t\t\t\t<\/div>\n\t\t\t\t<\/div>\n\t\t\t\t<div class=\"elementor-element elementor-element-f412509 elementor-widget elementor-widget-spacer\" data-id=\"f412509\" data-element_type=\"widget\" data-e-type=\"widget\" data-widget_type=\"spacer.default\">\n\t\t\t\t<div class=\"elementor-widget-container\">\n\t\t\t\t\t\t\t<div class=\"elementor-spacer\">\n\t\t\t<div class=\"elementor-spacer-inner\"><\/div>\n\t\t<\/div>\n\t\t\t\t\t\t<\/div>\n\t\t\t\t<\/div>\n\t\t\t\t<div class=\"elementor-element elementor-element-e24394e elementor-widget__width-initial elementor-widget elementor-widget-wpzoom-elementor-addons-image-box\" data-id=\"e24394e\" data-element_type=\"widget\" data-e-type=\"widget\" data-widget_type=\"wpzoom-elementor-addons-image-box.default\">\n\t\t\t\t<div class=\"elementor-widget-container\">\n\t\t\t\t\t\t\t<div class=\"wpzoom-elementor-addons-image-box\">\n\t\t\t<h3>\n\t\t\t\t<span class=\"wpzoom-elementor-addons-image-box-link not-linked has-image\" style=\"background-image:url('https:\/\/www.speed-skater-zug.ch\/wp-content\/uploads\/2023\/02\/Pause-edited.jpg');\"><span><\/span><\/span>\t\t\t<\/h3>\n\t\t<\/div><!-- \/\/.wpzoom-elementor-addons-image-box -->\n\t\t\t\t\t\t<\/div>\n\t\t\t\t<\/div>\n\t\t\t\t<div class=\"elementor-element elementor-element-7cdb3a5 elementor-widget elementor-widget-spacer\" data-id=\"7cdb3a5\" data-element_type=\"widget\" data-e-type=\"widget\" data-widget_type=\"spacer.default\">\n\t\t\t\t<div class=\"elementor-widget-container\">\n\t\t\t\t\t\t\t<div class=\"elementor-spacer\">\n\t\t\t<div class=\"elementor-spacer-inner\"><\/div>\n\t\t<\/div>\n\t\t\t\t\t\t<\/div>\n\t\t\t\t<\/div>\n\t\t\t\t<div class=\"elementor-element elementor-element-670ab34 elementor-widget__width-initial elementor-widget elementor-widget-wpzoom-elementor-addons-image-box\" data-id=\"670ab34\" data-element_type=\"widget\" data-e-type=\"widget\" data-widget_type=\"wpzoom-elementor-addons-image-box.default\">\n\t\t\t\t<div class=\"elementor-widget-container\">\n\t\t\t\t\t\t\t<div class=\"wpzoom-elementor-addons-image-box\">\n\t\t\t<h3>\n\t\t\t\t<span class=\"wpzoom-elementor-addons-image-box-link not-linked has-image\" style=\"background-image:url('https:\/\/www.speed-skater-zug.ch\/wp-content\/uploads\/2024\/11\/Speedskate.jpg');\"><span><\/span><\/span>\t\t\t<\/h3>\n\t\t<\/div><!-- \/\/.wpzoom-elementor-addons-image-box -->\n\t\t\t\t\t\t<\/div>\n\t\t\t\t<\/div>\n\t\t\t\t\t<\/div>\n\t\t<\/div>\n\t\t\t\t\t<\/div>\n\t\t<\/section>\n\t\t\t\t<\/div>\n\t\t","protected":false},"excerpt":{"rendered":"<p>Training f\u00fcr engagierte Skaterinnen und Skater\u00a0 \u00a0 Du warst regelm\u00e4ssig auf den Skates? Bist momentan aber ein wenig &#8222;eingerostet&#8220;. Du suchst eine gelenkschonende Alternative zum Joggen oder m\u00f6chtest dich skatetechnisch weiterentwickeln. Technische Uebungen um die Sicherheit und den Fahrkonfort auf den Skates zu\u00a0 \u00a0 \u00a0 verbessern. Ausfahrten in der Gruppe [&hellip;]<\/p>\n","protected":false},"author":9,"featured_media":2557,"parent":0,"menu_order":1,"comment_status":"closed","ping_status":"closed","template":"","meta":{"inspiro_page_layout":"narrow","inspiro_hide_title":false,"footnotes":""},"class_list":["post-2520","page","type-page","status-publish","has-post-thumbnail","hentry"],"featured_media_urls":{"thumbnail":["https:\/\/www.speed-skater-zug.ch\/wp-content\/uploads\/2024\/11\/Fitnessskate_1-150x135.jpg",150,135,true],"medium":["https:\/\/www.speed-skater-zug.ch\/wp-content\/uploads\/2024\/11\/Fitnessskate_1.jpg",216,135,false],"medium_large":["https:\/\/www.speed-skater-zug.ch\/wp-content\/uploads\/2024\/11\/Fitnessskate_1.jpg",216,135,false],"large":["https:\/\/www.speed-skater-zug.ch\/wp-content\/uploads\/2024\/11\/Fitnessskate_1.jpg",216,135,false],"1536x1536":["https:\/\/www.speed-skater-zug.ch\/wp-content\/uploads\/2024\/11\/Fitnessskate_1.jpg",216,135,false],"2048x2048":["https:\/\/www.speed-skater-zug.ch\/wp-content\/uploads\/2024\/11\/Fitnessskate_1.jpg",216,135,false],"featured":["https:\/\/www.speed-skater-zug.ch\/wp-content\/uploads\/2024\/11\/Fitnessskate_1.jpg",216,135,false],"featured@2x":["https:\/\/www.speed-skater-zug.ch\/wp-content\/uploads\/2024\/11\/Fitnessskate_1.jpg",216,135,false],"featured-small":["https:\/\/www.speed-skater-zug.ch\/wp-content\/uploads\/2024\/11\/Fitnessskate_1.jpg",216,135,false],"recent-thumbnail":["https:\/\/www.speed-skater-zug.ch\/wp-content\/uploads\/2024\/11\/Fitnessskate_1.jpg",216,135,false],"recent-thumbnail-retina":["https:\/\/www.speed-skater-zug.ch\/wp-content\/uploads\/2024\/11\/Fitnessskate_1.jpg",216,135,false],"woo-featured":["https:\/\/www.speed-skater-zug.ch\/wp-content\/uploads\/2024\/11\/Fitnessskate_1.jpg",216,135,false],"entry-cover":["https:\/\/www.speed-skater-zug.ch\/wp-content\/uploads\/2024\/11\/Fitnessskate_1.jpg",216,135,false],"entry-cover@2x":["https:\/\/www.speed-skater-zug.ch\/wp-content\/uploads\/2024\/11\/Fitnessskate_1.jpg",216,135,false],"loop":["https:\/\/www.speed-skater-zug.ch\/wp-content\/uploads\/2024\/11\/Fitnessskate_1.jpg",216,135,false],"loop@2x":["https:\/\/www.speed-skater-zug.ch\/wp-content\/uploads\/2024\/11\/Fitnessskate_1.jpg",216,135,false],"portfolio-scroller-widget":["https:\/\/www.speed-skater-zug.ch\/wp-content\/uploads\/2024\/11\/Fitnessskate_1.jpg",216,135,false],"portfolio_item-thumbnail":["https:\/\/www.speed-skater-zug.ch\/wp-content\/uploads\/2024\/11\/Fitnessskate_1.jpg",216,135,false],"portfolio_item-thumbnail@2x":["https:\/\/www.speed-skater-zug.ch\/wp-content\/uploads\/2024\/11\/Fitnessskate_1.jpg",216,135,false],"portfolio_item-masonry":["https:\/\/www.speed-skater-zug.ch\/wp-content\/uploads\/2024\/11\/Fitnessskate_1.jpg",216,135,false],"portfolio_item-thumbnail_wide":["https:\/\/www.speed-skater-zug.ch\/wp-content\/uploads\/2024\/11\/Fitnessskate_1.jpg",216,135,false],"portfolio_item-thumbnail_wide_cinema":["https:\/\/www.speed-skater-zug.ch\/wp-content\/uploads\/2024\/11\/Fitnessskate_1.jpg",216,135,false],"portfolio_item-thumbnail_cinema":["https:\/\/www.speed-skater-zug.ch\/wp-content\/uploads\/2024\/11\/Fitnessskate_1.jpg",216,135,false],"portfolio_item-thumbnail_portrait":["https:\/\/www.speed-skater-zug.ch\/wp-content\/uploads\/2024\/11\/Fitnessskate_1.jpg",216,135,false],"portfolio_item-thumbnail_square":["https:\/\/www.speed-skater-zug.ch\/wp-content\/uploads\/2024\/11\/Fitnessskate_1.jpg",216,135,false],"woocommerce_thumbnail":["https:\/\/www.speed-skater-zug.ch\/wp-content\/uploads\/2024\/11\/Fitnessskate_1.jpg",216,135,false],"woocommerce_single":["https:\/\/www.speed-skater-zug.ch\/wp-content\/uploads\/2024\/11\/Fitnessskate_1.jpg",216,135,false],"woocommerce_gallery_thumbnail":["https:\/\/www.speed-skater-zug.ch\/wp-content\/uploads\/2024\/11\/Fitnessskate_1-200x135.jpg",200,135,true],"portfolio_item-masonry@2x":["https:\/\/www.speed-skater-zug.ch\/wp-content\/uploads\/2024\/11\/Fitnessskate_1.jpg",216,135,false],"portfolio_item-thumbnail_portrait@2x":["https:\/\/www.speed-skater-zug.ch\/wp-content\/uploads\/2024\/11\/Fitnessskate_1.jpg",216,135,false]},"_links":{"self":[{"href":"https:\/\/www.speed-skater-zug.ch\/index.php\/wp-json\/wp\/v2\/pages\/2520","targetHints":{"allow":["GET"]}}],"collection":[{"href":"https:\/\/www.speed-skater-zug.ch\/index.php\/wp-json\/wp\/v2\/pages"}],"about":[{"href":"https:\/\/www.speed-skater-zug.ch\/index.php\/wp-json\/wp\/v2\/types\/page"}],"author":[{"embeddable":true,"href":"https:\/\/www.speed-skater-zug.ch\/index.php\/wp-json\/wp\/v2\/users\/9"}],"replies":[{"embeddable":true,"href":"https:\/\/www.speed-skater-zug.ch\/index.php\/wp-json\/wp\/v2\/comments?post=2520"}],"version-history":[{"count":112,"href":"https:\/\/www.speed-skater-zug.ch\/index.php\/wp-json\/wp\/v2\/pages\/2520\/revisions"}],"predecessor-version":[{"id":4303,"href":"https:\/\/www.speed-skater-zug.ch\/index.php\/wp-json\/wp\/v2\/pages\/2520\/revisions\/4303"}],"wp:featuredmedia":[{"embeddable":true,"href":"https:\/\/www.speed-skater-zug.ch\/index.php\/wp-json\/wp\/v2\/media\/2557"}],"wp:attachment":[{"href":"https:\/\/www.speed-skater-zug.ch\/index.php\/wp-json\/wp\/v2\/media?parent=2520"}],"curies":[{"name":"wp","href":"https:\/\/api.w.org\/{rel}","templated":true}]}}